2 - 8*l + 2. Let y be b(-7). Suppose -20 = -y*a + 34. Calculate the remainder when s is divided by a.
5
Let i = 36 - 12. Let f(l) = 2*l**3 - 2*l - 1. What is the remainder when -6 + 3 + i + -2 is divided by f(2)?
8
Let m be -1 + 2/2 - 0. Let p(v) = 2*v - 4. Let l be p(12). Suppose 2*j = -m*j + l. Calculate the remainder when 17 is divided by j.
7
Suppose 3*d + 20*v = 24*v + 529, 0 = -d - 2*v + 173. Calculate the remainder when d is divided by 26.
19
Suppose 54*a - 114 = 35*a. What is the remainder when 63 is divided by a?
3
What is the remainder when (-186)/(8/((-72)/27)) is divided by 44?
18
Calculate the remainder when 395 is divided by 1/3*(172 + (-4)/4).
53
Let c(r) = -r**2 + 4. Let v be c(-2). Suppose v = -3*m + 32 + 13. Let a(t) = 7*t**2 - 2*t - 1. Calculate the remainder when m is divided by a(-1).
7
Let u = -14 + 77. Suppose -5*g = -132 - u. What is the remainder when g is divided by (-25 - 1430/(-44))*4/3?
9
Suppose 0 = -8*d + 296 + 16. Calculate the remainder when 165 is divided by d.
9
Suppose -y - 418 = -5*p, 16*p + 3*y + 175 = 18*p. Calculate the remainder when p is divided by 14.
13
Suppose -19*g = -15*g - 456. Suppose 2*r = c - 178, 5*r = c + g - 556. What is the remainder when 55 is divided by (-1216)/r - (-2)/11?
13
Suppose -114*z + 106*z + 816 = 0. Calculate the remainder when z is divided by 43.
16
Let p = -4 + 8. Suppose p*a = q - 54, -4*q = -9*q - 2*a + 270. Let d = q + -36. What is the remainder when 51 is divided by d?
15
Suppose 0 = -4*i + u + 189, -7*i + 21 = -6*i + 5*u. What is the remainder when 104 is divided by i?
12
Let f = -655 - -858. What is the remainder when f is divided by 71?
61
Suppose 193 + 301 = 26*p. What is the remainder when 334 is divided by p?
11
Suppose -j - 2*a + 53 = a, 5*a + 73 = 2*j. Suppose -2*v + j = 4*l + 118, -124 = 4*v - 4*l. Let r = -24 - v. What is the remainder when 26 is divided by r?
8
Let d(t) = -19*t - 27. Calculate the remainder when d(-11) is divided by 37.
34
Let c be (-32)/(-4) + 0/(-4). Let f(z) = -2*z**2 - z - 11 + 3*z**2 + c*z. Calculate the remainder when 63 is divided by f(-11).
30
Suppose 3*n = 147 + 153. Let w(o) = 2*o**2 - 60*o + 146. What is the remainder when n is divided by w(28)?
32
Let b be (17 - -2)*(3/1)/(-3). What is the remainder when (4 - 7) + b/(-1) is divided by 11?
5
Let y = -1995 - -2009. Let d(j) = j - 1. Let p(n) = 2*n - 4. Let l(g) = -2*d(g) - p(g). What is the remainder when l(-5) is divided by y?
12
Let g = -15 - -40. Let n = 351 - 279. What is the remainder when n is divided by g?
22
Let m = -569 + 647. Calculate the remainder when 172 is divided by m.
16
Let k be (3 - 5)*(-2)/4. Suppose 2*a = 4*p + 26, -a - p + k = -6. What is the remainder when (-159)/(-9) + 2/(-3) is divided by a?
8
Suppose w - 4 = 3*v - v, -4*w = 2*v + 4. Suppose 4*n + 2*j - 78 = 0, w*n + 3*j - 27 = -n. Calculate the remainder when 50 is divided by n.
14
Let j = 125 - 54. Suppose -j*q + 6 = -70*q. Calculate the remainder when 76 is divided by q.
4
Let d be 6/(2 - -1) + 150. Suppose 0 = 3*p - 4*p + d. Calculate the remainder when p/12 - (-2)/(-3) is divided by 5.
2
Suppose 117 = -9*q + 18*q. What is the remainder when q is divided by 10?
3
Suppose 3*r - 39 = -l, -3*l + 2*r + 2*r = -78. Let f be (7 - 3) + -1 + 3/(-3). What is the remainder when -16 + 133 + f*1 is divided by l?
29
Let n = 332 - 327. Suppose -w - 18 = -2*x + 18, -4*w + 8 = 0. Suppose 0 = -4*h + 17 + x. Calculate the remainder when h is divided by n.
4
Let i = -115 + 263. What is the remainder when i is divided by 40?
28
Let z(g) = 7*g**2 + 23 - 13*g - 4*g**2 - 4*g**2. Calculate the remainder when 42 is divided by z(-14).
6
Let s = -1290 + 1456. Calculate the remainder when s is divided by 25.
16
Suppose -6*s = -57 + 9. Suppose s*l + 49 = 153. Calculate the remainder when 63 is divided by l.
11
Let o = 2 + 54. Let t = 6 + -2. Calculate the remainder when 59 is divided by (30/21)/(t/o).
19
What is the remainder when 143/2 - (-1)/2 is divided by 5 + 959/(-189) + 3003/81?
35
Let t(i) = i**3 + 9*i**2 + 1. Calculate the remainder when t(-7) is divided by 53.
46
Suppose 2*h - 3*l = 138, -2*l - 142 = -2*h - 0*h. Let s = h - 46. Calculate the remainder when s is divided by 8.
5
Let b(d) = 6*d**2 - 3*d + 2. Let z(l) = 10*l**2 - 4*l - 11. What is the remainder when b(-4) is divided by z(-2)?
36
Let t(f) = -f**3 + 17*f**2 + 5*f - 23. What is the remainder when t(17) is divided by 21?
20
Let s(z) be the first derivative of -z**3/3 + 8*z**2 + 32*z - 9. What is the remainder when s(15) is divided by 12?
11
Let j = -471 + 547. Calculate the remainder when 311 is divided by j.
7
Let i be (4/10)/(-1)*-5. Suppose 2*f = -3*u + 46, 5*u - 45 = 5*f + 40. What is the remainder when 60 - ((3 - i) + -3) is divided by u?
14
Suppose -4*q - 5*b + 23 = -78, -5*q + 151 = -2*b. Calculate the remainder when 71 is divided by q.
13
Suppose 188 = 13*x - 397. Let y = x + -21. Calculate the remainder when y is divided by 16.
8
Let o(v) be the second derivative of -v**4/12 + 11*v**3/6 - v. Suppose -30 = -11*i + 8*i. Calculate the remainder when o(i) is divided by 4.
2
Let n be (-2)/(-14) + (-1755)/(-63). Suppose -14 - n = -6*z. Let x = 16 + -1. What is the remainder when x is divided by z?
1
Calculate the remainder when (-16 + -1 + -6)/((-3)/15) is divided by 24.
19
Let r be (-3 + 2)*(1 - 1). Let y be -2 + 1 + (3 - r). Suppose y*n - 20 = -2*n, 2*z - 2*n = 116. Calculate the remainder when z is divided by 16.
15
Let f = -246 + 260. Calculate the remainder when 240 is divided by f.
2
Let m = 10 + 13. Let y(o) = -126*o**3 + 2*o**2 + 2*o + 1. Let l be y(-1). Let q = l - 113. What is the remainder when m is divided by q?
9
Let b be ((-1)/(-1)*-18)/(-2). Let a = -29 - -72. Calculate the remainder when a is divided by b/(-6 - -3) + 12.
7
Let w(y) = y**2 - 4*y. Let t be (-3)/2*(462/(-9))/(-11). What is the remainder when w(t) is divided by 27?
23
Suppose 229 = -4*v + 421. What is the remainder when 142 is divided by v?
46
Suppose -f = -5*f - 380. Let o = 1 + 1. Calculate the remainder when f/38*8/(-10) is divided by o.
0
Let k = 76 + -19. What is the remainder when 109 is divided by k?
52
Let d(h) = h**2 - 70*h + 787. Calculate the remainder when d(0) is divided by 79.
76
Suppose 3*t - 2 = 5*m - 3, -5*m = -t - 7. Suppose 5*y - 364 = q, y + 0*y - t*q = 84. Calculate the remainder when y is divided by 15.
12
Suppose -2*n - f - 14 = 0, 2*f + 36 = -5*n - 0*f. Calculate the remainder when 104 is divided by (36/n)/(12/(-56)).
20
Let f = 184 - 174. What is the remainder when 74 is divided by f?
4
Suppose -d - w + 59 = 0, -228 = -5*d + d + 4*w. What is the remainder when 344 is divided by d?
54
Let c(n) = -n**3 + n**2 - 2. Let w(r) = -r**3 - 67*r**2 + 2*r + 146. Calculate the remainder when c(-3) is divided by w(-67).
10
Suppose -5*g = -4 - 306. Calculate the remainder when g is divided by (-3)/(-3)*13/1.
10
Let l = 19 - 14. Suppose -3*t = -m + 90 - 310, -l*t = 3*m - 362. What is the remainder when t is divided by 7?
3
Let b be -5*(2 - (3 + -2)). Let m = b + 8. Suppose -58 = -m*u - u + 5*w, 0 = 5*u + 4*w - 52. Calculate the remainder when 45 is divided by u.
9
Suppose -3*w = -2 - 10. Suppose 5*z + w*g = 3*z + 30, -93 = -4*z + 3*g. What is the remainder when z is divided by 7?
0
Let o(a) = a**3 + 36*a**2 - 207*a + 13. Calculate the remainder when 322 is divided by o(-41).
37
Let n(c) be the first derivative of c**4/4 + 3*c**3 - 9*c**2/2 - 3*c + 15. Calculate the remainder when n(-9) is divided by 40.
38
Suppose 0 = 3*q - 0 - 207. What is the remainder when 246 is divided by q?
39
Suppose -3 = 3*z, -2*m + 67 + 208 = 5*z. Suppose 7*x + 5*l + 210 = 12*x, l - 5 = 0. What is the remainder when m is divided by x?
46
Suppose -4*m = -4*k - 184, 3*m + 47*k - 43*k = 131. What is the remainder when 45 is divided by m?
0
Let w(y) = 5*y**2 + 3*y - 11. What is the remainder when w(-6) is divided by 68/(-6)*(-24)/16?
15
What is the remainder when -431*(-4)/(-3)*(-3)/4 is divided by 48?
47
Suppose -3*s + 8*s = 70. Suppose 0 = v - 11 + 7. What is the remainder when s is divided by v?
2
Suppose -2*k + 17*b - 16*b = -155, 5*k - 5*b - 385 = 0. Calculate the remainder when k is divided by 21.
15
Let t(k) = -3*k**2 + 100*k - 16. What is the remainder when t(33) is divided by 8?
1
Calculate